d by 23.
18
Suppose 0 = -2*s - s - 5*q + 44, 5*s = -5*q + 60. Suppose -5*l = s - 28. Let y(k) = k**3 - 3*k**2 + 1. What is the remainder when 50 is divided by y(l)?
16
Let t be 32/18 - 2/(-9). Suppose 4*v + 4*b = 28, 16 = 3*b + b. Suppose t*i = 8, -v - 2 = -3*k + i. Calculate the remainder when 10 is divided by k.
1
Let n be (0/(-3 + 5))/1. Let r = -1 + 73. Suppose 4*z - r = -o - 3*o, n = -o. What is the remainder when 53 is divided by z?
17
Suppose -9*o + 43 = 5*f - 7*o, -5*f - 5*o = -55. What is the remainder when 272 is divided by f?
6
Let o(v) = -v. Let q be o(-5). Suppose 2*p - 28 = -4*b, q*p + b - 25 = 9. What is the remainder when (-10 + -4)*3/(-3) is divided by p?
2
Suppose -295 = -4*m - 147. Calculate the remainder when 93 is divided by m.
19
Let p = -2 - -17. Suppose p = -s + 39. Let c = 12 + -3. Calculate the remainder when s is divided by c.
6
Let f(v) be the second derivative of -v**3/6 + 41*v**2/2 + 11*v. Let q = 28 - 14. Calculate the remainder when f(14) is divided by q.
13
Calculate the remainder when 316 is divided by ((-70)/(-42))/((-10)/(-534)).
49
Suppose 5*b - b - 4*x = 4, -4*b - 5*x = 32. Let u be ((-63)/35)/(2/(-10)). What is the remainder when 18 is divided by 30*(b + 30/u)?
8
Let r(h) = -21*h + 35. Calculate the remainder when r(-10) is divided by (2*1/4)/(2/164).
40
Let z be (-256)/(-44) + (-2)/(-11). Let a be z/(-21) + 284/14. Suppose -82 + 6 = -5*d + 3*w, 3*w = d - a. Calculate the remainder when 40 is divided by d.
12
Suppose 7*m + 198 = 13*m. What is the remainder when 79 is divided by m?
13
Let m(x) = -24*x + 5. Suppose 4*i - 2*i = 0. Let q = -4 - i. Calculate the remainder when m(q) is divided by 17.
16
Let z(o) = o**2 + 2. Let j = -3 - -18. Calculate the remainder when z(-5) is divided by j.
12
Suppose 0*k = -k. Suppose k = -4*u - 0 + 16. Suppose 4*f + 16 - 52 = u*b, -3*f = -b - 29. Calculate the remainder when 38 is divided by f.
8
Let l = 219 + -155. Suppose 106 - l = 2*r. What is the remainder when 62 is divided by r?
20
Let r = -829 + 1156. Calculate the remainder when r is divided by 11.
8
Let c(x) = -x**3 + 20*x**2 - 18*x - 15. Let r be c(19). Suppose -15 = -g - n - 5, g - 30 = r*n. Calculate the remainder when 40 is divided by g.
12
Let f(q) = -11*q + 137. What is the remainder when f(8) is divided by 25?
24
Let x = -17 + 24. Calculate the remainder when (-164)/(-10) + 32/20 + -1 is divided by x.
3
Let l(i) = i**2 + 8*i + 17. Let v be l(-7). Calculate the remainder when 6*(-22)/v*-5 is divided by 12.
6
Suppose -4*v + 383 = f - 404, -9 = -3*f. Calculate the remainder when v is divided by 40.
36
Let z(y) = y**2 - 2*y - 1. Let b be z(2). What is the remainder when b/(-2) - 225/(-6) is divided by 10?
8
Suppose -4 = 2*l + 2*x, -4*l = -2*l + 3*x + 8. Let y be 14/21*(4 + -1). Let i = 7 - y. Calculate the remainder when i is divided by l.
1
Let t = 1295 - 1278. Calculate the remainder when t is divided by ((-8)/6)/(2/(-6)).
1
Suppose 2*o - 4*r - 42 = 0, -2*r + 14 = 2*o - 16. What is the remainder when 184 is divided by o?
14
Let f(n) = -3*n + 68. Calculate the remainder when 135 is divided by f(19).
3
Let k = 45 - 17. Suppose 2*g = 162 - k. What is the remainder when g is divided by 18?
13
Let h = 97 - 61. Suppose 4*x + h = 3*x. Let v = -29 - x. What is the remainder when v is divided by 3?
1
Let v(t) = t**2 + t - 12. Let n be v(0). Let h = -4 - n. What is the remainder when 30/((-2)/((-4)/3)) is divided by h?
4
Suppose -s = -3*x + 9, x - 2*s - 3 = s. Suppose z = -x*f - 23, 2 = -3*f + 5. Let b = 45 + z. What is the remainder when b is divided by 10?
9
Suppose -1 = i - 21. What is the remainder when 456/16*8/3 is divided by i?
16
Suppose -23*l = -30*l - 294. What is the remainder when 118 is divided by (21/l)/(-1*1/120)?
58
Let o = -738 + 749. Calculate the remainder when o is divided by 2.
1
Suppose 37 - 67 = -2*i. Calculate the remainder when 22 is divided by i.
7
Let j(p) be the third derivative of p**6/120 - p**5/20 + p**4/6 - p**3/3 - 207*p**2. Let i = 10 - 7. Calculate the remainder when j(i) is divided by 7.
3
Let o = -790 - -837. Calculate the remainder when o is divided by 34.
13
Suppose 3*d + 82 = -n - n, 5*d - 54 = n. Let i = -32 - n. What is the remainder when 22 is divided by i?
10
Suppose 5*a - 3*w + w + 55 = 0, 3*w = 0. Let p = a - -14. Calculate the remainder when 5 is divided by p.
2
Let d be (-8)/6 + 380/6. Suppose 11*y + d = 502. What is the remainder when y is divided by 21?
19
Let t(b) = 3*b - 7. Let x be t(11). Let q = -12 + x. Let g(i) = -7*i - 20. What is the remainder when q is divided by g(-4)?
6
Let d = -818 + 1151. What is the remainder when d is divided by 42?
39
Suppose -u = -11*u + 80. Let h(q) = 7*q + 5. What is the remainder when h(7) is divided by u?
6
Suppose 0*c = 4*c - 16. Suppose -12*v + 11*v + c = 0. What is the remainder when 14 is divided by v?
2
Let q be 5/(20/6 + -3). What is the remainder when (-3)/q + 497/35 is divided by 6?
2
Let h = -181 + 305. Calculate the remainder when h is divided by 22.
14
Let i(t) = t + 3 - 2 - 5 - 4. Suppose -2*h - 3*s - 24 = -4*h, s = -h + 2. Calculate the remainder when h is divided by i(12).
2
Let s be (4/(-6))/(12/(-90)). Suppose -5*l + a = -80, 9*l = s*l + a + 63. What is the remainder when 83 is divided by l?
15
Let h be 2/12 - 190/60 - 55. Let a = h - -92. Calculate the remainder when 134 is divided by a.
32
Let j(a) = a**3 + 2*a**2 - 3*a - 3. What is the remainder when (66/(-55))/(26/(-195)) is divided by j(-2)?
0
Suppose 3*i - 7 = 23. Suppose 0 = -5*a - 200 + 215. Suppose -a*v + 2*v = -i. What is the remainder when 39 is divided by v?
9
Let v be -3 - 2 - 1*2. Let b = v + 18. Suppose 3*c = -95 + 113. Calculate the remainder when b is divided by c.
5
Suppose 21*o - 496 = 29. Calculate the remainder when 222 is divided by o.
22
Let w be (-1 + -4)*1*26/2. Let x = w + 71. Calculate the remainder when 10 is divided by x.
4
Let a = -110 - -541. Calculate the remainder when a is divided by 9.
8
Let p(a) = a**2 + 7*a - 8. Let b be p(-10). Suppose -2*c + r + 7 = 0, -6 = -3*c + 5*r + b. Calculate the remainder when 17 is divided by ((2 - c) + 5)*1.
5
Suppose -752 = -10*l + 1288. Suppose -5*r = -8*r + l. What is the remainder when r is divided by 19?
11
Suppose -10*z = -4*z - 102. Suppose -2*i - c + 69 = 0, -6*c - 21 = -i - 2*c. Calculate the remainder when i is divided by z.
16
Let w be (-340)/102*(5/(-2) - -1). What is the remainder when 106/w*(20 - 15) is divided by 27?
25
Let x = 15 - 26. Let l(v) = v**2 + 7*v + 4. Calculate the remainder when l(x) is divided by (1 - -1)*225/18.
23
Let w(p) = 4*p + 20. What is the remainder when 205 is divided by w(8)?
49
Suppose 0*j + 165 = 3*j. Let y(x) = x**3 - 5*x**2 + 8*x - 1. Let v = -53 + 57. Calculate the remainder when j is divided by y(v).
10
Let s(q) = q**2 - 10*q - 3. Let a be s(12). What is the remainder when 69 is divided by (28/a)/(6/81)?
15
Let i = 142 - 24. What is the remainder when i is divided by 15?
13
Suppose 23*o - 2141 - 205 = 0. Calculate the remainder when o is divided by 8.
6
Let r be 70/(-105) - (-58)/6. Suppose -150 = -2*k - 4*u, -3*u = 7*k - r*k + 185. What is the remainder when k is divided by 30?
25
Let u = -10 - -120. Suppose 0 = 17*g + 2487 - 2963. What is the remainder when u is divided by g?
26
Suppose 5*t + 8*x = 4*x + 567, -4*t + x + 441 = 0. Suppose -2*f - 10 = 0, 4*z - 35 = -5*f + 16. What is the remainder when t is divided by z?
16
Let i = 8 + -6. What is the remainder when 39 is divided by ((-5 - -4) + i)*5?
4
Let h(a) = -31*a + 66. What is the remainder when h(-4) is divided by 49?
43
Let b(o) = 94*o - 352. Calculate the remainder when 410 is divided by b(4).
2
Let m = 170 + -134. Calculate the remainder when 141 is divided by m.
33
What is the remainder when (-19540)/(-48) + 4/(-48) is divided by 67?
5
Let w(j) = -j**3 + 8*j**2 + 10*j - 3. Let l = 2823 - 2812. What is the remainder when l is divided by w(9)?
5
Let h = -881 + 903. Calculate the remainder when 148 is divided by h.
16
Suppose 5 = -m - 3*c, -5*c - 3 = -4*c. Suppose -34*h = 2*h - 540. What is the remainder when h is divided by m?
3
Let n(d) = 61 + d**2 - 24 + 0*d**2. Suppose 2*s + q + 4*q = -15, 5*q = -15. Calculate the remainder when n(s) is divided by 10.
7
Suppose 26*k + 2 = 27*k. Suppose f = 5